 the highest common factor of h and n?
12
Suppose -2*y + 157 = 4*u + 3*y, 0 = -4*u + 3*y + 117. Suppose 8*i - 13*i = -15. Calculate the greatest common divisor of u and i.
3
Suppose 5*a + 20 = 0, -4*l + 3*l + 5*a + 26 = 0. Let f(o) = 3*o**2 - 3*o + 10. Let b be f(l). What is the greatest common factor of 40 and b?
20
Let k = -37 - -61. Suppose 0*o - k = -3*o. Suppose -o = -2*b + 2. What is the highest common factor of 55 and b?
5
Suppose 0*k = 5*k + 495. Let u = k - -203. Calculate the greatest common factor of u and 26.
26
Suppose -5*n + 335 = -160. Suppose 0 = -5*y + y + 44. Calculate the greatest common factor of y and n.
11
Suppose -3*o + 579 = 3*u, -4*u = -2*o + u + 421. What is the highest common divisor of o and 110?
22
Suppose 10818 = -11*j + 17*j. Suppose -97 = -19*c + j. Suppose -4*m = -74 - 6. What is the greatest common divisor of m and c?
20
Let m = -70 - -70. Let j be m + 152 + 3 + 5 + -6. What is the greatest common divisor of 14 and j?
14
Suppose 12 = -3*c, 3*u + 0*c = -3*c - 21. Let m(w) = 3*w**2 + 7*w + 10. Let o be m(u). What is the highest common factor of 40 and o?
8
Let n = -5 - -2. Let f be (-22)/(1 - n - 6). Suppose 13 - 46 = -g. Calculate the highest common divisor of f and g.
11
Let c(j) = 2*j**2 + 7*j + 35. Let l be c(-6). Calculate the highest common divisor of 26 and l.
13
Let j = -13 + 16. Suppose -j*p + 66 - 24 = 0. Let d = 17 - p. What is the greatest common divisor of 1 and d?
1
Suppose 0 = -3*t - t - 4*x + 72, 0 = -t + 2*x + 6. Suppose 0 = 5*y - 4*y + 5, 0 = 4*r - y - 229. What is the highest common divisor of r and t?
14
Suppose w + 406 + 94 = n, -2*n + 5*w = -1012. Calculate the greatest common divisor of n and 310.
62
Let v(h) = -h**2 + 22*h - 8. Let p be v(19). What is the greatest common factor of p and 1225?
49
Let i be 352016/88 + 30/(-165). Calculate the greatest common divisor of 32 and i.
32
Let g be 178 - (45/9 + -7 + 4). Calculate the highest common factor of 44 and g.
44
Let d = -73 - -73. Suppose -12*c + 11*c + 44 = d. Suppose 5*k - 328 = 2*s, 3*k - 130 = k + 2*s. Calculate the greatest common divisor of c and k.
22
Let t = 26 + -11. Let k = 13 + t. What is the highest common divisor of k and 70?
14
Suppose -3*l + k + 153 = 0, -13*k + 9*k = 0. What is the highest common factor of 153 and l?
51
Suppose 11*b - 8*b + 2*t = 38, -t = -1. What is the greatest common factor of 4044 and b?
12
Let u be (-6)/21 - 144/(-14). Let q = 5 + -2. Suppose -q*f + 400 = f. What is the highest common factor of f and u?
10
Suppose -2*i - 46 = -2*m, -4*i - 27 = -m + i. What is the greatest common divisor of m and 88?
22
Suppose 2 = -0*h + h. Suppose -h*k + 2 = -k. Suppose k*f = -b - 0*b, -2*b + 35 = -3*f. What is the highest common factor of b and 10?
10
Suppose 2*g + 0*g + 2*s = 132, 0 = 5*g + s - 326. Let k be ((-9)/36)/((-3)/60). Calculate the highest common divisor of g and k.
5
Let s(k) be the first derivative of -k**3/3 + 2*k**2 + 5. Let w be s(-3). Let b be (0 + -30)*7/w. Calculate the highest common factor of 15 and b.
5
Let u be 6440/36 - 2 - (-5)/45. What is the greatest common divisor of 236 and u?
59
Let v(y) = -11*y + 187. Let d be v(9). Suppose 0 = -15*c + 20*c - 40. What is the highest common factor of d and c?
8
Suppose -2*q + 236 = 38. Let a = 1289 + -1278. Calculate the highest common divisor of a and q.
11
Let d(q) = -q**3 - 8*q**2 - 5*q + 27. Let x be d(-12). What is the greatest common factor of x and 51?
51
Let j be (-6)/(-16) - (-1287)/24. Let i = -20 - -47. Calculate the greatest common divisor of i and j.
27
Suppose 1205 = -4*i + v, -2*i + 4*v = 7*v + 613. Let x = -104 - i. Let f be -1 + ((-2)/2 - -20). What is the highest common divisor of x and f?
18
Let s = 139 + -122. Suppose -123 = -7*v + s. Let w(b) = 2*b - 10. Let m be w(7). What is the greatest common divisor of m and v?
4
Suppose 0*w = -3*w - 24. Let x = -4 - w. Suppose 5 = 5*g, 9 = 4*l + g + x*g. Calculate the greatest common factor of 2 and l.
1
Let s = 18 - 16. Suppose -5*j - 155 = -s*h, -3*j - 2 - 73 = -h. Let x(y) = y**3 + y. Let o be x(2). Calculate the greatest common factor of o and h.
10
Let o = 641 + -636. Calculate the greatest common divisor of o and 610.
5
Suppose 5*x = -0*d + 3*d + 1122, -5*d = 5*x - 1130. What is the highest common factor of x and 45?
45
Suppose -5*x - 4*p = -303, -5*x = -2*x - 2*p - 173. Let y = 102 + x. What is the greatest common factor of 23 and y?
23
Let i(w) = -w**3 - w**2 - w + 3. Let k be i(0). Let l be (-2)/3 + 1586/k. Suppose y = -y + l. What is the greatest common divisor of y and 24?
24
Let k(w) = 14*w - 50. Let y be k(5). Calculate the greatest common factor of 820 and y.
20
Let b = -34 - -41. Suppose n + b = 2*n - x, -n + 3*x + 13 = 0. Suppose 0 = -g - n*c + 24, 0*c = 4*g - c - 113. What is the greatest common divisor of g and 252?
28
Let h be ((-52)/39)/(1/(-24) - 0). Calculate the highest common factor of h and 48.
16
Suppose 0 = l - 1 + 11. Let h = 16 + l. Calculate the greatest common divisor of 24 and h.
6
Let i be (-8)/(-108)*-3 - (-785)/9. Calculate the greatest common factor of i and 696.
87
Suppose -247 = -2*x - 5*m, -4*m + 6 = -x + 136. Let k(j) = -3*j. Let h = -10 - -4. Let f be k(h). What is the greatest common divisor of f and x?
18
Let t = -2715 - -2739. What is the highest common divisor of t and 222?
6
Let u be (7/(35/(-6)) + 2)*460. What is the greatest common factor of 16 and u?
16
Suppose -5*r - 33 = -3*q + 5*q, -2*r = -q + 6. Let d be 5 + 16 + (-1 - q). What is the highest common factor of d and 48?
24
Suppose 3*d + 0*d - 63 = 0. Suppose 11 = -4*y - d. Let q(u) = -12*u - 11. Let v be q(y). What is the greatest common factor of 17 and v?
17
Let i = -2630 + 2662. What is the greatest common divisor of i and 944?
16
Let l = 10 + -18. Let q = 0 - l. Suppose -x + 100 = 4*x. What is the highest common factor of x and q?
4
Let u(q) = -2*q**2 - 15*q + 1. Let w be u(-7). Let n be 3/(3/w)*(-45)/(-60). Calculate the highest common divisor of n and 66.
6
Let i = 2686 + -2462. What is the highest common divisor of i and 64?
32
Let l be -306*(-1)/(6*(-3)/(-18)). Calculate the highest common divisor of l and 72.
18
Let m be 20/6 - (1 + 16/(-24)). Calculate the greatest common factor of m and 24.
3
Let x = 18 + -39. Let r be x/7 + (-1 - -25). What is the greatest common factor of 105 and r?
21
Let w be 2/4*22*-1. Let y = 55 + w. Let k = 9 + -5. Calculate the highest common divisor of k and y.
4
Let z(l) = -2*l**3 - 9*l**2 - 6*l - 6. Let a be z(-4). Let j be 54/9*(1 + 1)/a. Calculate the highest common divisor of j and 108.
6
Let q be ((5082/4)/7)/(1/2). What is the greatest common divisor of q and 66?
33
Suppose -2*q = -8, 3*q - 5367 = -2*i - 3*i. What is the greatest common factor of 63 and i?
63
Let t(o) = -2 + 9*o**2 + 6*o - 7*o + 11 - o**3 + 14*o. Let u be t(10). What is the greatest common divisor of 104 and u?
13
Let p(y) = 12*y + 7. Let i be p(9). Suppose -2*z + i = -271. Let a = z - 97. Calculate the highest common factor of 12 and a.
12
Suppose o + 5*g - 102 = 0, 5*o - 5*g - 390 = -0*o. Suppose 4*v - 78 = o. Let a = 161 + -61. What is the greatest common divisor of a and v?
20
Suppose -5*w + 3*x + 242 = 0, 4*w + 4*x - 151 = w. Let k(c) = -c**2 + 14*c + 29. Let v be k(15). Calculate the greatest common divisor of v and w.
7
Let p(o) = -o**3 + 21*o**2 - 48*o + 9. Let h be p(18). Calculate the highest common factor of 273 and h.
39
Let t be ((-24)/30 + 0)*-15. Calculate the highest common factor of 33 and t.
3
Let r = -257 + 265. Calculate the highest common factor of r and 20.
4
Let g(l) be the first derivative of 2*l**3/3 + 5*l**2/2 - 6*l + 23. Let o be g(-5). What is the highest common factor of o and 1?
1
Let p = -540 + 674. What is the highest common divisor of 1273 and p?
67
Let x = 528 - 496. What is the greatest common divisor of 88 and x?
8
Let h(s) = s**2 + 9*s + 14. Suppose 0*g = 2*g + 18. Let k be h(g). Suppose 0*w + k = w. What is the greatest common divisor of 42 and w?
14
Let t = 321 - 145. Calculate the highest common divisor of t and 16.
16
Let x = -5 + 5. Suppose 0 = -x*k - k + 26. Suppose -4*t + 6 = -k. What is the greatest common factor of t and 2?
2
Suppose 11*z + 3 = 12*z, 2*h - 5*z - 45 = 0. Calculate the greatest common factor of h and 320.
10
Suppose 